{"id":33,"date":"2019-03-04T23:39:47","date_gmt":"2019-03-04T23:39:47","guid":{"rendered":"http:\/\/markusulmer.de\/?page_id=33"},"modified":"2024-07-14T10:06:02","modified_gmt":"2024-07-14T10:06:02","slug":"ueber-mich","status":"publish","type":"page","link":"https:\/\/www.leontodon-praxis.de\/?page_id=33","title":{"rendered":"\u00dcber mich"},"content":{"rendered":"<div class=\"wp-block-image is-style-rounded\">\n<figure class=\"alignleft size-medium is-resized\"><img loading=\"lazy\" decoding=\"async\" width=\"169\" height=\"300\" src=\"https:\/\/www.leontodon-praxis.de\/wp-content\/uploads\/2024\/07\/20240611_152641-169x300.jpg\" alt=\"\" class=\"wp-image-344\" style=\"width:161px;height:auto\" srcset=\"https:\/\/www.leontodon-praxis.de\/wp-content\/uploads\/2024\/07\/20240611_152641-169x300.jpg 169w, https:\/\/www.leontodon-praxis.de\/wp-content\/uploads\/2024\/07\/20240611_152641-576x1024.jpg 576w, https:\/\/www.leontodon-praxis.de\/wp-content\/uploads\/2024\/07\/20240611_152641-768x1366.jpg 768w, https:\/\/www.leontodon-praxis.de\/wp-content\/uploads\/2024\/07\/20240611_152641-863x1536.jpg 863w, https:\/\/www.leontodon-praxis.de\/wp-content\/uploads\/2024\/07\/20240611_152641-1151x2048.jpg 1151w, https:\/\/www.leontodon-praxis.de\/wp-content\/uploads\/2024\/07\/20240611_152641-scaled.jpg 1439w\" sizes=\"(max-width: 169px) 100vw, 169px\" \/><\/figure><\/div>\n\n\n<p>Meine Name ist Markus Detlef Ulmer. Nach einer Ausbildung zum Krankenpfleger studierte ich (Jahrgang 1977) Elementare Musikp\u00e4dagogik und Hackbrett mit Abschluss als Dipl.-Musikp\u00e4dagoge am Richard-Strau\u00df-Konservatorium in M\u00fcnchen. Es folgten Unterrichtst\u00e4tigkeiten an verschiedenen Musikschulen, und das Studium zum Musiktherapeuten (Heilpraktiker f\u00fcr Psychotherapie) an der Universit\u00e4t Augsburg. Im April 2015 habe ich die Leitung der Musikschule Lorch \u00fcbernommen. Neben meinen zahlreichen musikalischen Interessen besch\u00e4ftige ich mich seit vielen Jahren mit alternativen Heilmethoden. Um m(s)eine Gesundheit zu erhalten, ist es wichtig, die Verbindung zwischen K\u00f6rper, Geist und Seele zu heilen und in die eigene Kraft und Eigenverantwortung zu kommen.<\/p>\n\n\n\n<p>Alle\nWerkzeuge und Techniken, die ich anwende, habe ich selbst erfahren\nund bereits f\u00fcr meine eigenen Entwicklungsschritte genutzt.<\/p>\n\n\n\n<h2 class=\"wp-block-heading has-text-align-center\">Danksagung<\/h2>\n\n\n\n<p>Mein Dank gilt allen meinen Lehrern und Ihren Lehrern, die mich in meiner Entwicklung unterst\u00fctzt haben.<\/p>\n\n\n\n<ul>\n<li>Dr. Andrea Schr\u00f6pel<\/li>\n\n\n\n<li>Johanna B\u00fcttner<\/li>\n\n\n\n<li>HP Gerda Barsi<\/li>\n\n\n\n<li>Inge K\u00f6gl<\/li>\n\n\n\n<li>Gabriele S. Bodmer<\/li>\n\n\n\n<li>Starr Fuentes<\/li>\n\n\n\n<li>HP Dorothee Schluchter<\/li>\n<\/ul>\n\n\n\n<p><\/p>\n","protected":false},"excerpt":{"rendered":"<p>Meine Name ist Markus Detlef Ulmer. Nach einer Ausbildung zum Krankenpfleger studierte ich (Jahrgang 1977) Elementare Musikp\u00e4dagogik und Hackbrett mit Abschluss als Dipl.-Musikp\u00e4dagoge am Richard-Strau\u00df-Konservatorium in M\u00fcnchen. Es folgten Unterrichtst\u00e4tigkeiten an verschiedenen Musikschulen, und das Studium zum Musiktherapeuten (Heilpraktiker f\u00fcr Psychotherapie) an der Universit\u00e4t Augsburg. Im April 2015 habe ich die Leitung der Musikschule Lorch &hellip; <\/p>\n<p class=\"link-more\"><a href=\"https:\/\/www.leontodon-praxis.de\/?page_id=33\" class=\"more-link\"><span class=\"screen-reader-text\">\u201e\u00dcber mich\u201c<\/span> weiterlesen<\/a><\/p>\n","protected":false},"author":1,"featured_media":0,"parent":0,"menu_order":0,"comment_status":"closed","ping_status":"closed","template":"","meta":{"footnotes":""},"_links":{"self":[{"href":"https:\/\/www.leontodon-praxis.de\/index.php?rest_route=\/wp\/v2\/pages\/33"}],"collection":[{"href":"https:\/\/www.leontodon-praxis.de\/index.php?rest_route=\/wp\/v2\/pages"}],"about":[{"href":"https:\/\/www.leontodon-praxis.de\/index.php?rest_route=\/wp\/v2\/types\/page"}],"author":[{"embeddable":true,"href":"https:\/\/www.leontodon-praxis.de\/index.php?rest_route=\/wp\/v2\/users\/1"}],"replies":[{"embeddable":true,"href":"https:\/\/www.leontodon-praxis.de\/index.php?rest_route=%2Fwp%2Fv2%2Fcomments&post=33"}],"version-history":[{"count":15,"href":"https:\/\/www.leontodon-praxis.de\/index.php?rest_route=\/wp\/v2\/pages\/33\/revisions"}],"predecessor-version":[{"id":346,"href":"https:\/\/www.leontodon-praxis.de\/index.php?rest_route=\/wp\/v2\/pages\/33\/revisions\/346"}],"wp:attachment":[{"href":"https:\/\/www.leontodon-praxis.de\/index.php?rest_route=%2Fwp%2Fv2%2Fmedia&parent=33"}],"curies":[{"name":"wp","href":"https:\/\/api.w.org\/{rel}","templated":true}]}}